{"id":4035,"date":"2026-03-13T03:49:40","date_gmt":"2026-03-13T03:49:40","guid":{"rendered":"https:\/\/vifran.com.br\/?page_id=4035"},"modified":"2026-03-13T04:17:19","modified_gmt":"2026-03-13T04:17:19","slug":"politica-publica","status":"publish","type":"page","link":"https:\/\/vifran.com.br\/index.php\/pagina-inicial\/politica-publica\/","title":{"rendered":"Pol\u00edtica P\u00fablica"},"content":{"rendered":"\t\t<div data-elementor-type=\"wp-page\" data-elementor-id=\"4035\" class=\"elementor elementor-4035\" data-elementor-post-type=\"page\">\n\t\t\t\t<div class=\"elementor-element elementor-element-e5d1d86 e-con-full e-flex e-con e-parent\" data-id=\"e5d1d86\" data-element_type=\"container\" data-e-type=\"container\" data-settings=\"{&quot;background_background&quot;:&quot;gradient&quot;}\">\n\t\t<div class=\"elementor-element elementor-element-e05a4cf e-con-full e-flex e-con e-child\" data-id=\"e05a4cf\" data-element_type=\"container\" data-e-type=\"container\">\n\t\t\t\t<div class=\"elementor-element elementor-element-b4f6902 elementor-widget elementor-widget-text-editor\" data-id=\"b4f6902\" data-element_type=\"widget\" data-e-type=\"widget\" data-widget_type=\"text-editor.default\">\n\t\t\t\t<div class=\"elementor-widget-container\">\n\t\t\t\t\t\t\t\t\t<p>Pol\u00edtica P\u00fablica<\/p>\t\t\t\t\t\t\t\t<\/div>\n\t\t\t\t<\/div>\n\t\t<div class=\"elementor-element elementor-element-b1b7863 e-con-full e-flex e-con e-child\" data-id=\"b1b7863\" data-element_type=\"container\" data-e-type=\"container\">\n\t\t\t\t<div class=\"elementor-element elementor-element-625b206 elementor-widget__width-inherit elementor-widget elementor-widget-text-editor\" data-id=\"625b206\" data-element_type=\"widget\" data-e-type=\"widget\" data-widget_type=\"text-editor.default\">\n\t\t\t\t<div class=\"elementor-widget-container\">\n\t\t\t\t\t\t\t\t\t<p>Liberdade de Associa\u00e7\u00e3o<\/p>\t\t\t\t\t\t\t\t<\/div>\n\t\t\t\t<\/div>\n\t\t\t\t<div class=\"elementor-element elementor-element-ba9a213 elementor-widget__width-inherit elementor-widget elementor-widget-text-editor\" data-id=\"ba9a213\" data-element_type=\"widget\" data-e-type=\"widget\" data-widget_type=\"text-editor.default\">\n\t\t\t\t<div class=\"elementor-widget-container\">\n\t\t\t\t\t\t\t\t\t<p>A Vifran assegura que todos os seus colaboradores sejam livres para se juntar ou n\u00e3o a sindicatos ou organiza\u00e7\u00f5es representativas externas ou similares para acordos coletivos, garantindo assim a liberdade de associa\u00e7\u00e3o aos seus funcion\u00e1rios.<\/p>\t\t\t\t\t\t\t\t<\/div>\n\t\t\t\t<\/div>\n\t\t\t\t<\/div>\n\t\t<div class=\"elementor-element elementor-element-583dbba e-con-full e-flex e-con e-child\" data-id=\"583dbba\" data-element_type=\"container\" data-e-type=\"container\">\n\t\t\t\t<div class=\"elementor-element elementor-element-946ae90 elementor-widget elementor-widget-text-editor\" data-id=\"946ae90\" data-element_type=\"widget\" data-e-type=\"widget\" data-widget_type=\"text-editor.default\">\n\t\t\t\t<div class=\"elementor-widget-container\">\n\t\t\t\t\t\t\t\t\t<p>Trabalho For\u00e7ado<\/p>\t\t\t\t\t\t\t\t<\/div>\n\t\t\t\t<\/div>\n\t\t\t\t<div class=\"elementor-element elementor-element-9faec0e elementor-widget elementor-widget-text-editor\" data-id=\"9faec0e\" data-element_type=\"widget\" data-e-type=\"widget\" data-widget_type=\"text-editor.default\">\n\t\t\t\t<div class=\"elementor-widget-container\">\n\t\t\t\t\t\t\t\t\t<p>A Vifran \u00e9 contra o trabalho escravo ou for\u00e7ado e situa\u00e7\u00f5es que envolvam repress\u00e3o, castigos sob qualquer pretexto, medidas disciplinares humilhantes e puni\u00e7\u00f5es que denigram a imagem do colaborador e sua integridade f\u00edsica e moral.<br \/>A Vifran repudia qualquer ato que denigra os colaboradores ou os force a situa\u00e7\u00f5es humilhantes, n\u00e3o pactuando com pr\u00e1ticas que firam os direitos dos trabalhadores em sua cadeia de fornecedores. A empresa denuncia e encerra rela\u00e7\u00f5es com organiza\u00e7\u00f5es infratoras ligadas aos seus processos.<\/p>\t\t\t\t\t\t\t\t<\/div>\n\t\t\t\t<\/div>\n\t\t\t\t<\/div>\n\t\t<div class=\"elementor-element elementor-element-fffbdfb e-con-full e-flex e-con e-child\" data-id=\"fffbdfb\" data-element_type=\"container\" data-e-type=\"container\">\n\t\t\t\t<div class=\"elementor-element elementor-element-e9c5cc0 elementor-widget elementor-widget-text-editor\" data-id=\"e9c5cc0\" data-element_type=\"widget\" data-e-type=\"widget\" data-widget_type=\"text-editor.default\">\n\t\t\t\t<div class=\"elementor-widget-container\">\n\t\t\t\t\t\t\t\t\t<p>Direitos fundamentais das crian\u00e7as e dos adolescentes<\/p>\t\t\t\t\t\t\t\t<\/div>\n\t\t\t\t<\/div>\n\t\t\t\t<div class=\"elementor-element elementor-element-565e330 elementor-widget elementor-widget-text-editor\" data-id=\"565e330\" data-element_type=\"widget\" data-e-type=\"widget\" data-widget_type=\"text-editor.default\">\n\t\t\t\t<div class=\"elementor-widget-container\">\n\t\t\t\t\t\t\t\t\t<p>A Vifran compromete-se a garantir os direitos das crian\u00e7as e dos adolescentes, n\u00e3o compactuando com o trabalho infantil em qualquer circunst\u00e2ncia (exceto na condi\u00e7\u00e3o de menor aprendiz, a partir de 14 anos, conforme o art. 428 da CLT).<br \/>A empresa \u00e9 contr\u00e1ria a qualquer forma de neglig\u00eancia, discrimina\u00e7\u00e3o, crueldade, viol\u00eancia ou explora\u00e7\u00e3o sexual de crian\u00e7as e adolescentes em suas atividades.<\/p>\t\t\t\t\t\t\t\t<\/div>\n\t\t\t\t<\/div>\n\t\t\t\t<\/div>\n\t\t<div class=\"elementor-element elementor-element-de2338c e-con-full e-flex e-con e-child\" data-id=\"de2338c\" data-element_type=\"container\" data-e-type=\"container\">\n\t\t\t\t<div class=\"elementor-element elementor-element-7b53025 elementor-widget elementor-widget-text-editor\" data-id=\"7b53025\" data-element_type=\"widget\" data-e-type=\"widget\" data-widget_type=\"text-editor.default\">\n\t\t\t\t<div class=\"elementor-widget-container\">\n\t\t\t\t\t\t\t\t\t<p>Discrimina\u00e7\u00e3o e Diversidade<\/p>\t\t\t\t\t\t\t\t<\/div>\n\t\t\t\t<\/div>\n\t\t\t\t<div class=\"elementor-element elementor-element-20896b0 elementor-widget elementor-widget-text-editor\" data-id=\"20896b0\" data-element_type=\"widget\" data-e-type=\"widget\" data-widget_type=\"text-editor.default\">\n\t\t\t\t<div class=\"elementor-widget-container\">\n\t\t\t\t\t\t\t\t\t<p>A Vifran n\u00e3o permitir\u00e1 qualquer tipo de discrimina\u00e7\u00e3o em suas atividades, seja por op\u00e7\u00e3o religiosa, orienta\u00e7\u00e3o sexual, etnia, defici\u00eancia, cor de pele, idade, classe social, sexo ou qualquer outra caracter\u00edstica, em seus processos de admiss\u00e3o, demiss\u00e3o, promo\u00e7\u00e3o ou planos de carreira.<\/p>\t\t\t\t\t\t\t\t<\/div>\n\t\t\t\t<\/div>\n\t\t\t\t<\/div>\n\t\t<div class=\"elementor-element elementor-element-0277c13 e-con-full e-flex e-con e-child\" data-id=\"0277c13\" data-element_type=\"container\" data-e-type=\"container\">\n\t\t\t\t<div class=\"elementor-element elementor-element-8b8d18b elementor-widget elementor-widget-text-editor\" data-id=\"8b8d18b\" data-element_type=\"widget\" data-e-type=\"widget\" data-widget_type=\"text-editor.default\">\n\t\t\t\t<div class=\"elementor-widget-container\">\n\t\t\t\t\t\t\t\t\t<p>Ass\u00e9dio<\/p>\t\t\t\t\t\t\t\t<\/div>\n\t\t\t\t<\/div>\n\t\t\t\t<div class=\"elementor-element elementor-element-42bde47 elementor-widget elementor-widget-text-editor\" data-id=\"42bde47\" data-element_type=\"widget\" data-e-type=\"widget\" data-widget_type=\"text-editor.default\">\n\t\t\t\t<div class=\"elementor-widget-container\">\n\t\t\t\t\t\t\t\t\t<p>A Vifran compromete-se a combater qualquer ato intimidador, garantindo um ambiente de trabalho saud\u00e1vel e respeitoso aos<br \/>seus colaboradores e visitantes. A empresa pune com rigor todos os atos de ass\u00e9dio moral, religioso, sexual ou pol\u00edtico em<br \/>suas depend\u00eancias, n\u00e3o compactuando com qualquer situa\u00e7\u00e3o de ass\u00e9dio.<\/p>\t\t\t\t\t\t\t\t<\/div>\n\t\t\t\t<\/div>\n\t\t\t\t<\/div>\n\t\t\t\t<\/div>\n\t\t\t\t<\/div>\n\t\t\t\t<\/div>\n\t\t","protected":false},"excerpt":{"rendered":"<p>Pol\u00edtica P\u00fablica Liberdade de Associa\u00e7\u00e3o A Vifran assegura que todos os seus colaboradores sejam livres para se juntar ou n\u00e3o a sindicatos ou organiza\u00e7\u00f5es representativas externas ou similares para acordos coletivos, garantindo assim a liberdade de associa\u00e7\u00e3o aos seus funcion\u00e1rios. Trabalho For\u00e7ado A Vifran \u00e9 contra o trabalho escravo ou for\u00e7ado e situa\u00e7\u00f5es que envolvam [&hellip;]<\/p>\n","protected":false},"author":9,"featured_media":0,"parent":9,"menu_order":0,"comment_status":"closed","ping_status":"closed","template":"","meta":{"inline_featured_image":false,"footnotes":""},"class_list":["post-4035","page","type-page","status-publish","hentry"],"_links":{"self":[{"href":"https:\/\/vifran.com.br\/index.php\/wp-json\/wp\/v2\/pages\/4035","targetHints":{"allow":["GET"]}}],"collection":[{"href":"https:\/\/vifran.com.br\/index.php\/wp-json\/wp\/v2\/pages"}],"about":[{"href":"https:\/\/vifran.com.br\/index.php\/wp-json\/wp\/v2\/types\/page"}],"author":[{"embeddable":true,"href":"https:\/\/vifran.com.br\/index.php\/wp-json\/wp\/v2\/users\/9"}],"replies":[{"embeddable":true,"href":"https:\/\/vifran.com.br\/index.php\/wp-json\/wp\/v2\/comments?post=4035"}],"version-history":[{"count":96,"href":"https:\/\/vifran.com.br\/index.php\/wp-json\/wp\/v2\/pages\/4035\/revisions"}],"predecessor-version":[{"id":4132,"href":"https:\/\/vifran.com.br\/index.php\/wp-json\/wp\/v2\/pages\/4035\/revisions\/4132"}],"up":[{"embeddable":true,"href":"https:\/\/vifran.com.br\/index.php\/wp-json\/wp\/v2\/pages\/9"}],"wp:attachment":[{"href":"https:\/\/vifran.com.br\/index.php\/wp-json\/wp\/v2\/media?parent=4035"}],"curies":[{"name":"wp","href":"https:\/\/api.w.org\/{rel}","templated":true}]}}

Política Pública

<div data-elementor-type="wp-page" data-elementor-id="4035" class="elementor elementor-4035" data-elementor-post-type="page">
				<div class="elementor-element elementor-element-e5d1d86 e-con-full e-flex e-con e-parent" data-id="e5d1d86" data-element_type="container" data-e-type="container" data-settings="{&quot;background_background&quot;:&quot;gradient&quot;}">
		<div class="elementor-element elementor-element-e05a4cf e-con-full e-flex e-con e-child" data-id="e05a4cf" data-element_type="container" data-e-type="container">
				<div class="elementor-element elementor-element-b4f6902 elementor-widget elementor-widget-text-editor" data-id="b4f6902" data-element_type="widget" data-e-type="widget" data-widget_type="text-editor.default">
				<div class="elementor-widget-container">
									<p>Política Pública</p>								</div>
				</div>
		<div class="elementor-element elementor-element-b1b7863 e-con-full e-flex e-con e-child" data-id="b1b7863" data-element_type="container" data-e-type="container">
				<div class="elementor-element elementor-element-625b206 elementor-widget__width-inherit elementor-widget elementor-widget-text-editor" data-id="625b206" data-element_type="widget" data-e-type="widget" data-widget_type="text-editor.default">
				<div class="elementor-widget-container">
									<p>Liberdade de Associação</p>								</div>
				</div>
				<div class="elementor-element elementor-element-ba9a213 elementor-widget__width-inherit elementor-widget elementor-widget-text-editor" data-id="ba9a213" data-element_type="widget" data-e-type="widget" data-widget_type="text-editor.default">
				<div class="elementor-widget-container">
									<p>A Vifran assegura que todos os seus colaboradores sejam livres para se juntar ou não a sindicatos ou organizações representativas externas ou similares para acordos coletivos, garantindo assim a liberdade de associação aos seus funcionários.</p>								</div>
				</div>
				</div>
		<div class="elementor-element elementor-element-583dbba e-con-full e-flex e-con e-child" data-id="583dbba" data-element_type="container" data-e-type="container">
				<div class="elementor-element elementor-element-946ae90 elementor-widget elementor-widget-text-editor" data-id="946ae90" data-element_type="widget" data-e-type="widget" data-widget_type="text-editor.default">
				<div class="elementor-widget-container">
									<p>Trabalho Forçado</p>								</div>
				</div>
				<div class="elementor-element elementor-element-9faec0e elementor-widget elementor-widget-text-editor" data-id="9faec0e" data-element_type="widget" data-e-type="widget" data-widget_type="text-editor.default">
				<div class="elementor-widget-container">
									<p>A Vifran é contra o trabalho escravo ou forçado e situações que envolvam repressão, castigos sob qualquer pretexto, medidas disciplinares humilhantes e punições que denigram a imagem do colaborador e sua integridade física e moral.<br />A Vifran repudia qualquer ato que denigra os colaboradores ou os force a situações humilhantes, não pactuando com práticas que firam os direitos dos trabalhadores em sua cadeia de fornecedores. A empresa denuncia e encerra relações com organizações infratoras ligadas aos seus processos.</p>								</div>
				</div>
				</div>
		<div class="elementor-element elementor-element-fffbdfb e-con-full e-flex e-con e-child" data-id="fffbdfb" data-element_type="container" data-e-type="container">
				<div class="elementor-element elementor-element-e9c5cc0 elementor-widget elementor-widget-text-editor" data-id="e9c5cc0" data-element_type="widget" data-e-type="widget" data-widget_type="text-editor.default">
				<div class="elementor-widget-container">
									<p>Direitos fundamentais das crianças e dos adolescentes</p>								</div>
				</div>
				<div class="elementor-element elementor-element-565e330 elementor-widget elementor-widget-text-editor" data-id="565e330" data-element_type="widget" data-e-type="widget" data-widget_type="text-editor.default">
				<div class="elementor-widget-container">
									<p>A Vifran compromete-se a garantir os direitos das crianças e dos adolescentes, não compactuando com o trabalho infantil em qualquer circunstância (exceto na condição de menor aprendiz, a partir de 14 anos, conforme o art. 428 da CLT).<br />A empresa é contrária a qualquer forma de negligência, discriminação, crueldade, violência ou exploração sexual de crianças e adolescentes em suas atividades.</p>								</div>
				</div>
				</div>
		<div class="elementor-element elementor-element-de2338c e-con-full e-flex e-con e-child" data-id="de2338c" data-element_type="container" data-e-type="container">
				<div class="elementor-element elementor-element-7b53025 elementor-widget elementor-widget-text-editor" data-id="7b53025" data-element_type="widget" data-e-type="widget" data-widget_type="text-editor.default">
				<div class="elementor-widget-container">
									<p>Discriminação e Diversidade</p>								</div>
				</div>
				<div class="elementor-element elementor-element-20896b0 elementor-widget elementor-widget-text-editor" data-id="20896b0" data-element_type="widget" data-e-type="widget" data-widget_type="text-editor.default">
				<div class="elementor-widget-container">
									<p>A Vifran não permitirá qualquer tipo de discriminação em suas atividades, seja por opção religiosa, orientação sexual, etnia, deficiência, cor de pele, idade, classe social, sexo ou qualquer outra característica, em seus processos de admissão, demissão, promoção ou planos de carreira.</p>								</div>
				</div>
				</div>
		<div class="elementor-element elementor-element-0277c13 e-con-full e-flex e-con e-child" data-id="0277c13" data-element_type="container" data-e-type="container">
				<div class="elementor-element elementor-element-8b8d18b elementor-widget elementor-widget-text-editor" data-id="8b8d18b" data-element_type="widget" data-e-type="widget" data-widget_type="text-editor.default">
				<div class="elementor-widget-container">
									<p>Assédio</p>								</div>
				</div>
				<div class="elementor-element elementor-element-42bde47 elementor-widget elementor-widget-text-editor" data-id="42bde47" data-element_type="widget" data-e-type="widget" data-widget_type="text-editor.default">
				<div class="elementor-widget-container">
									<p>A Vifran compromete-se a combater qualquer ato intimidador, garantindo um ambiente de trabalho saudável e respeitoso aos<br />seus colaboradores e visitantes. A empresa pune com rigor todos os atos de assédio moral, religioso, sexual ou político em<br />suas dependências, não compactuando com qualquer situação de assédio.</p>								</div>
				</div>
				</div>
				</div>
				</div>
				</div>

<p>Política Pública Liberdade de Associação A Vifran assegura que todos os seus colaboradores sejam livres para se juntar ou não a sindicatos ou organizações representativas externas ou similares para acordos coletivos, garantindo assim a liberdade de associação aos seus funcionários. Trabalho Forçado A Vifran é contra o trabalho escravo ou forçado e situações que envolvam [&hellip;]</p>
